*2 + k + 3. Let q be p(-9). Give s(q).
3
Suppose 0 = -6*r + 5*r. Let j(h) = h**2 - h - 4. Let b be j(r). Let a(u) = -u**3 - 3*u**2 + 4*u - 3. What is a(b)?
-3
Let q(j) = -j + 13. Let k = -39 - -12. Let h = k + 27. Calculate q(h).
13
Let m be ((-2)/(-4))/(4/(-64)). Let k(j) = j**2 + 7*j - 10. Let v be k(m). Let h(g) = 3*g**2 + 2*g + 3. Determine h(v).
11
Let i be (3 + 5/(-2))*22. Let o(t) = -5*t + 8 - t**2 - 23 + i. What is o(-3)?
2
Let r(w) = 4*w**3 + 5*w**2 - 4*w. Let t(p) = 3*p - 8. Let n be t(1). Let b(m) = 3*m**3 + 4*m**2 - 3*m. Let u(o) = n*b(o) + 4*r(o). Give u(1).
0
Let z(m) = -8 + 6 + 19*m - 16*m**2 - 9*m**2 - 30*m + 13*m. What is z(1)?
-25
Let r(p) be the third derivative of p**6/120 + 2*p**5/15 + 5*p**4/12 - 5*p**3/3 - 348*p**2 + 1. Calculate r(-6).
2
Let t(a) = a**3 + a**2 - 3*a + 1. Let c(h) = -32*h + 285. Let p be c(9). Calculate t(p).
-8
Let t(v) = -v + 1. Suppose 0 = 2*k + 4*y - 14, 2*k - k - 1 = 4*y. Let h be (k - 7)*4/(-2). Calculate t(h).
-3
Let g(n) be the second derivative of -n**3/2 - 2*n**2 + n. Let f = 27 + -25. Suppose -x + 19 = -5*w, w - 3*w + f = 2*x. Give g(w).
5
Let h be ((-10)/15)/(4/(-30)). Let c(b) = b**2 + 2*b - 8*b + 0*b. What is c(h)?
-5
Let t = -567 - -561. Let u(m) = -m**3 - 7*m**2 - 8*m - 3. Give u(t).
9
Let g(d) = 2*d**2 + 2 + 3 - 2*d - 6. Let w(s) be the first derivative of -s**4/4 + 5*s**3/3 - s**2 - 5*s + 3. Let a be w(4). Give g(a).
11
Let p be ((-15)/9)/((-2)/6). Let s(z) = -3 - 5*z - 3*z - 8*z. Let l(t) = 9*t + 2. Let u(d) = 7*l(d) + 4*s(d). Give u(p).
-3
Let y(m) = 20*m**3 + 4*m - 11. Let g(d) = d**2 - 3*d - 19. Let k be g(5). Let i(w) = 10*w**3 + 2*w - 5. Let a(z) = k*i(z) + 4*y(z). Give a(1).
-11
Let x(p) = p**2 - 7*p + 2. Suppose 14 = 4*l - 2*n, 5*n - 2*n + 3 = 0. What is x(l)?
-10
Suppose j + 2*u - 13 = 0, 31 = 2*j + 61*u - 56*u. Let t(y) = -2 + 2*y**2 + 3*y**2 - 3*y - 3*y**2. Calculate t(j).
7
Suppose 0 = -5*n + d - 1, 5*d - 8 + 3 = 0. Suppose -x - 4 = -p, n = 4*p + 4*x + 6 + 18. Let k(j) = 10*j**2 + 2*j + 1. Calculate k(p).
9
Let u(g) = -g + 1. Suppose 74 = 8*y + 170. Calculate u(y).
13
Let x(v) = -v**2 + 12*v. Suppose -q + 49 = 5*b, 4*b + 4*q = b + 26. What is x(b)?
20
Suppose 12 = 5*d + h - 0*h, 2*d + 2*h = 0. Let z(f) = d + 4 - 4*f - 2 - 1. Give z(6).
-20
Let l(f) = -3*f**3 - 14*f**2 + 5*f + 2. Let v(u) = 2*u**3 + 13*u**2 - 4*u. Let r(i) = -3*l(i) - 4*v(i). Determine r(10).
4
Let n(t) = -9*t**2 + 1. Let k(r) = -r**2 - r. Let q(b) = 4*k(b) - n(b). Determine q(3).
32
Let q be 1/2 - 39/(-6). Let p be 1/(14/(-24))*q. Let l be 6/p - (-13)/(-2). Let d(i) = -i - 1. Give d(l).
6
Let a(t) be the third derivative of -1/10*t**5 - 1/120*t**6 + 0 - 33*t**2 - 7/6*t**3 + 0*t - 1/4*t**4. Determine a(-5).
-2
Let s = -71 + 71. Let n(c) = c**3 + c + 10. Determine n(s).
10
Let u(z) = -z - 7. Suppose -14*v + 11*v = 18. Calculate u(v).
-1
Let o be 414/108 - 2/(-12). Suppose 2*u = -4*k + 6, 2*u = -3*k - 4 + 10. Let v(w) = 5*w**2 - 6*w**2 + 2*w**3 + 5*w**2 - 2 - 3*w**u. Determine v(o).
-2
Suppose -l - 3*g + 0*g = 6, 4*l = 4*g + 24. Let i(o) = o**2 - 3*o - l*o**2 + 3 + 4*o**2. What is i(3)?
12
Let l(k) = k**3 + 6*k**2 - k - 8. Let p = 29 - 25. Let u(b) = 12*b - p + 4 - 13*b. Let s be u(6). Calculate l(s).
-2
Let q(d) = 5*d**2 - 2*d - 3. Let o(g) = 4*g**2 - 3*g - 2. Let y(x) = -6*o(x) + 5*q(x). Suppose -13*r = 61 + 56. Determine y(r).
6
Let v be (-8)/8 + (-1 - -10). Let c(z) = z**2 - 9*z - 7. What is c(v)?
-15
Let r = 44 + -41. Let b(c) = 4 + 8 + c - 7 - r*c. Determine b(7).
-9
Let k(m) = 22*m + 6. Let r be (-176)/(-32) - 35/14. Calculate k(r).
72
Suppose 225*y + 208 = 241*y. Let w(j) = 2*j - 31. What is w(y)?
-5
Let w(f) = -8*f + 20 + 0 + 7*f + 8*f**2 + f**3 + 4*f. Calculate w(-8).
-4
Let i(g) = -g**2 + 22*g - g**3 + 5 - 26*g + 0*g**2 + 6*g**2. Determine i(4).
5
Suppose 5*f + 4 = 2*i, -2*i = 5*f + 1 - 5. Let c(r) = -i*r - 146 + 143 + 2*r - 8*r. Give c(-2).
13
Let b be 3*4/(-16) + 2/(-8). Suppose -8*q + 3*q + 3 = -2*l, 0 = 3*q - 3. Let j(i) = -8*i - 1. Let x(k) = k. Let a(h) = l*x(h) + j(h). Determine a(b).
6
Let r(z) = -z. Let o be 2 + 1 + -7 - -9. Suppose 2*g - o*g + 3*m - 9 = 0, -3*g - 2*m = -11. Determine r(g).
-1
Let r(n) = 5*n - 6*n + 2*n - 1 + 0. Calculate r(1).
0
Let f(q) = q**2 + 7*q - 3. Let t be -3 + 10 + -2 + -1. Suppose t*d + 2 = 5*d. Let p be (-1)/d*(1 - -11). What is f(p)?
-9
Let t(i) = i - 3. Suppose 2*p = -159 + 47. Let u be (-3 - 0)/((-21)/p). Let y be 1*4 - 8/u. Determine t(y).
2
Let t(w) = w**3 + w - 1. Let h(g) = 4*g**3 - 5*g**2 + 8*g - 12. Let a(p) = -h(p) + 5*t(p). Determine a(-5).
22
Let j(n) = 4*n**3 - 2*n**2 - 1. Suppose 0 = 2*u + x - 0*x, 0 = -3*x - 12. Calculate j(u).
23
Let b(a) = -11*a + 1. Let h(d) = 228*d + 48. Let y(v) = -24*v - 5. Let c(i) = -5*h(i) - 48*y(i). Let t(u) = 3*b(u) + 2*c(u). What is t(2)?
-15
Let o(w) = -5*w**3 - 6*w**2 + 10*w + 2. Let s(b) = -b**3 - b**2 + b + 1. Let p(d) = -o(d) + 4*s(d). What is p(-4)?
-6
Let g(n) = 1 + 5 - 3*n + 12. Let a be g(6). Let f(y) be the first derivative of y**3/3 - y**2/2 + 10*y - 1. Determine f(a).
10
Let x = 4 + 0. Let o(d) be the second derivative of -d**4/12 - 3*d**2/2 + 26*d. Determine o(x).
-19
Let f(h) = 2*h**3 - 11*h**2 + 5*h - 9. Suppose 30 = 29*s - 115. What is f(s)?
-9
Let x be (0 + 69/6)*(0 - -2). Let z(o) = o**2 - 23*o - 5. Let k be z(x). Let w(p) = -3*p + 6. Let b(q) = -8*q + 18. Let s(g) = 4*b(g) - 11*w(g). What is s(k)?
1
Let v(z) be the third derivative of -z**6/120 + z**5/60 + z**4/24 + 7*z**3/3 + 2*z**2. Suppose -30*y + 11*y = -13*y. Determine v(y).
14
Suppose -2*y - 9 = -5*y. Let z(n) be the second derivative of n**5/20 - n**4/4 - 2*n**3/3 + 2*n**2 - 24*n. Determine z(y).
-8
Let m(u) = -3*u - 145 - 121 + 466 - 110 - 132. Determine m(-13).
-3
Let c(s) = s - 3 + 1 + 5 - 8*s**3. Let n(d) = 9*d**3 - d - 4. Let g(h) = -3*c(h) - 2*n(h). Let u be g(-1). Let q(v) = 2*v + 6. What is q(u)?
-6
Let p(y) = -y - 2. Let l(u) = -u**3 + 11*u**2 + 3*u + 29. Let v(t) = l(t) + 7*p(t). What is v(11)?
-29
Let v(n) be the third derivative of -n**5/60 - n**4/6 + 7*n**3/6 - 7*n**2 + 9*n. Give v(-8).
-25
Suppose -12*i = -26 - 10. Let b(z) be the second derivative of 0 + 1/12*z**4 + 2*z + 3/2*z**2 - 5/6*z**3. Determine b(i).
-3
Let j(u) = 8*u - 1 + 3 + 4 + 3*u**2 + 6*u**2 - 5 + u**3. Determine j(-8).
1
Suppose o + 3*o - 72 = 0. Let n be o/(-14) - 4/(-14). Let f(p) = -4 + 3 - p + 2. Give f(n).
2
Let z(b) = -13 + 5*b - 12 - 18 + 45 - 13. Calculate z(-5).
-36
Let g(t) = -t**2 + 4*t + 8. Let d be g(6). Let m(n) be the first derivative of -n**3/3 - 3*n**2/2 - 2*n + 131. Determine m(d).
-6
Let z be ((-2)/(-4))/((-6)/(-60)). Let q(c) = c - 9. Determine q(z).
-4
Let l(a) = -5*a. Suppose -117 = -2*f + 3*v, 3*f + 0*v - 165 = v. Let q = 51 - f. Calculate l(q).
15
Let s be (-2)/(-2) - (-18 + 19). Suppose s = 7*h - 12*h + 10. Let a(d) = 85 - h*d + 3*d - 96. Give a(0).
-11
Let l(y) be the first derivative of y**3/3 - 2*y**2 - 4*y - 127. What is l(6)?
8
Let o(c) be the second derivative of c**4/12 + c**3/2 + 7*c**2/2 - 222*c. Calculate o(3).
25
Let x be ((-60)/(-14))/((-18)/63). Let h(c) = c + 17. What is h(x)?
2
Let f(u) = 7*u**3 - 8*u**2 + 14*u - 13. Let y(b) = -6*b**3 + 8*b**2 - 13*b + 12. Let n(t) = -5*f(t) - 6*y(t). Calculate n(7).
0
Let m(a) = -a + 2. Let f be m(-10). Suppose 0 = -5*o + h + f + 2, -3*o = h - 2. Let s(z) = 2*z**3 - 6 + 3*z**3 + 4*z - 4*z**2 + 3 - 3*z**3. Give s(o).
5
Suppose 5*g = -16 + 286. Suppose -t - 8*t = -g. Let q(d) = -d + 4. Calculate q(t).
-2
Let h(z) = -z**2 + 9*z + 3. Let y(x) = x**3 + 15*x**2 + 22*x - 13. Let n be y(-13). Suppose 4*v - t - n = 0, -3*v + 3*t = 2*v - 54. Determine h(v).
3
Let y(b) be the third derivative of 0*b + 11 + 1/3*b**3 + 0*b**5 - 1/120*b**6 + 0*b**4 + 3*b**2. Give y(2).
-6
Let t(s) be the second derivative of s**7/2520 + s**6/240 - s**5/40 + 23*s**4/12 + s. Let u(i) be the third derivative of t(i). Calculate u(-3).
-3
Let k(i) = i**3 - 8*i**2 - 6*i - 12. Let y be k(9). Let m(p) = p**3 - 16*p**2 + 16*p - 2. Determine m(y).
13
Let l(o) = -o**3 + 4*o**2 - 3*o + 2. Suppose -4*i + 52 = 20. Let t(c) = i*c + c**3 - 3 - 12*c**2 + 5 + 3*c. Let r be t(11). Determine l(r).
4
Let h(a) = -5. Let t(c) = -5*c - 14. Let w(s) = 14 + 5*s + 7*s - 8*s. Let z(d) = 3*t(d) + 4*w(d). Let p(g) = 7*h(g) + 2*z(g). Give p(6).
5